{"id":44,"date":"2023-06-22T10:36:49","date_gmt":"2023-06-22T10:36:49","guid":{"rendered":"https:\/\/www.rokytnice190.cz\/?page_id=44"},"modified":"2023-06-22T10:42:43","modified_gmt":"2023-06-22T10:42:43","slug":"aktivity-v-okoli","status":"publish","type":"page","link":"https:\/\/www.rokytnice190.cz\/?page_id=44","title":{"rendered":"Aktivity v okol\u00ed"},"content":{"rendered":"<p>[et_pb_section fb_built=&#8220;1&#8243; admin_label=&#8220;Listings&#8220; _builder_version=&#8220;4.16&#8243; _module_preset=&#8220;default&#8220; global_colors_info=&#8220;{}&#8220;][et_pb_row _builder_version=&#8220;4.16&#8243; _module_preset=&#8220;default&#8220; global_colors_info=&#8220;{}&#8220;][et_pb_column type=&#8220;4_4&#8243; _builder_version=&#8220;4.16&#8243; _module_preset=&#8220;default&#8220; global_colors_info=&#8220;{}&#8220;][et_pb_text _builder_version=&#8220;4.21.0&#8243; _module_preset=&#8220;default&#8220; header_2_font=&#8220;Merriweather|300|||||||&#8220; header_2_font_size=&#8220;54px&#8220; header_2_line_height=&#8220;1.4em&#8220; header_3_font=&#8220;|700||on|||||&#8220; header_3_font_size=&#8220;14px&#8220; header_3_letter_spacing=&#8220;4px&#8220; header_3_line_height=&#8220;1.4em&#8220; header_2_font_size_tablet=&#8220;44px&#8220; header_2_font_size_phone=&#8220;28px&#8220; header_2_font_size_last_edited=&#8220;on|phone&#8220; locked=&#8220;off&#8220; global_colors_info=&#8220;{}&#8220;]<\/p>\n<h2>V\u00fdjime\u010dn\u00e1 <span style=\"color: #b4926b;\"><strong>lokalita<\/strong><\/span><\/h2>\n<p>[\/et_pb_text][et_pb_text _builder_version=&#8220;4.21.0&#8243; _module_preset=&#8220;default&#8220; global_colors_info=&#8220;{}&#8220;]<\/p>\n<p><strong>Rokytnice nad Jizerou<\/strong><\/p>\n<p>Rokytnice nad Jizerou je malebn\u00e9 horsk\u00e9 m\u011bste\u010dko v\u00a0z\u00e1padn\u00edm koutu Krkono\u0161, v\u00a0jeho\u017e\u00a0t\u011bsn\u00e9 bl\u00edzkosti se nach\u00e1z\u00ed n\u011bkolik ly\u017ea\u0159sk\u00fdch st\u0159edisek. M\u011bsto disponuje kompletn\u00ed ob\u010danskou vybavenost\u00ed po\u010d\u00ednaje obchody, restauracemi a\u00a0bohat\u00fdm no\u010dn\u00edm \u017eivotem p\u0159es l\u00e9karny a\u00a0l\u00e9ka\u0159skou p\u00e9\u010di a\u017e po\u00a0sportovn\u00ed halu, ly\u017ea\u0159sk\u00e9 \u0161koly a\u00a0p\u016fj\u010dovny sportovn\u00edho vybaven\u00ed. To v\u0161e s\u00a0v\u00fdbornou dopravn\u00ed dostupnost\u00ed z\u00a0Prahy, Liberce nebo Jablonce nad Nisou.<\/p>\n<p>[\/et_pb_text][et_pb_image src=&#8220;http:\/\/www.rokytnice190.cz\/wp-content\/uploads\/2023\/06\/Obrazek1.png&#8220; title_text=&#8220;Obr\u00e1zek1&#8243; align=&#8220;center&#8220; _builder_version=&#8220;4.21.0&#8243; _module_preset=&#8220;default&#8220; global_colors_info=&#8220;{}&#8220;][\/et_pb_image][et_pb_text _builder_version=&#8220;4.21.0&#8243; _module_preset=&#8220;default&#8220; global_colors_info=&#8220;{}&#8220;]<\/p>\n<p><strong>Horsk\u00e9 Apartm\u00e1ny Rokytnice<\/strong><\/p>\n<p>Apartm\u00e1nov\u00fd d\u016fm Doln\u00ed Rokytnice 190 se nach\u00e1z\u00ed v\u00a0klidn\u00e9 \u010d\u00e1sti m\u011bsta, bl\u00edzko Hu\u0165sk\u00e9ho potoka a\u00a0v p\u0159\u00edm\u00e9m sousedstv\u00ed lesa a\u00a0nedot\u010den\u00e9 krkono\u0161sk\u00e9 p\u0159\u00edrody. Z\u00e1rove\u0148 je jen n\u011bkolik minut od centra pln\u00e9ho restaurac\u00ed, bar\u016f \u010di obchod\u016f a\u00a0minutu cesty od hlavn\u00edho tahu na\u00a0Prahu a\u00a0Harrachov.\u00a0<strong>Doslova za\u00a0rohem nav\u00edc zastavuje skibus<\/strong>\u00a0vedouc\u00ed do\u00a0bl\u00edzk\u00fdch ly\u017ea\u0159sk\u00fdch are\u00e1l\u016f, odkud lze vyrazit na\u00a0b\u011b\u017eeck\u00e9 trasy \u010di p\u011b\u0161\u00ed t\u00fary. D\u00edky v\u00fdhodn\u00e9 poloze je dobr\u00e1 dopravn\u00ed dostupnost zaru\u010dena i\u00a0b\u011bhem zimn\u00edch m\u011bs\u00edc\u016f.<\/p>\n<p>[\/et_pb_text][et_pb_image src=&#8220;http:\/\/www.rokytnice190.cz\/wp-content\/uploads\/2023\/06\/Obrazek2.jpg&#8220; title_text=&#8220;Obr\u00e1zek2&#8243; align=&#8220;center&#8220; _builder_version=&#8220;4.21.0&#8243; _module_preset=&#8220;default&#8220; global_colors_info=&#8220;{}&#8220;][\/et_pb_image][et_pb_text _builder_version=&#8220;4.21.0&#8243; _module_preset=&#8220;default&#8220; global_colors_info=&#8220;{}&#8220;]<\/p>\n<p><strong>Ly\u017ea\u0159sk\u00e9 are\u00e1ly na\u00a0dosah<\/strong><\/p>\n<p>Pro milovn\u00edky sjezdov\u00e9ho ly\u017eov\u00e1n\u00ed je Rokytnice ide\u00e1ln\u00edm m\u00edstem, jeliko\u017e se zde nach\u00e1z\u00ed hned n\u011bkolik ly\u017ea\u0159sk\u00fdch center. Mezi ty nejzn\u00e1m\u011bj\u0161\u00ed pat\u0159\u00ed bezesporu Skiare\u00e1l Horn\u00ed Domky s\u00a0nejdel\u0161\u00edmi sjezdovkami v\u00a0Krkono\u0161\u00edch a\u00a0d\u00e1le Skiare\u00e1l Studenov vhodn\u00fd p\u0159edev\u0161\u00edm pro rodiny s\u00a0d\u011btmi a\u00a0snowboardisty. Vedle rokytnick\u00fdch \u201ekopc\u016f\u201c lze nav\u0161t\u00edvit i\u00a0Skiare\u00e1l Harrachov s\u00a0v\u00edce ne\u017e 7,5 kilometry upraven\u00fdch sjezdovek nebo Skiare\u00e1l \u0160pindler\u016fv ml\u00fdn, kter\u00fd nab\u00edz\u00ed 27 kilometr\u016f sjezdovek, seda\u010dkov\u00e9 lanovky nebo t\u0159eba ly\u017ea\u0159sk\u00e9 \u0161koly.<\/p>\n<p>[\/et_pb_text][et_pb_image src=&#8220;http:\/\/www.rokytnice190.cz\/wp-content\/uploads\/2023\/06\/Obrazek3.jpg&#8220; title_text=&#8220;Obr\u00e1zek3&#8243; align=&#8220;center&#8220; _builder_version=&#8220;4.21.0&#8243; _module_preset=&#8220;default&#8220; global_colors_info=&#8220;{}&#8220;][\/et_pb_image][et_pb_text _builder_version=&#8220;4.21.0&#8243; _module_preset=&#8220;default&#8220; global_colors_info=&#8220;{}&#8220;]<\/p>\n<p><strong>B\u011b\u017eeck\u00fd r\u00e1j v\u00a0Krkono\u0161\u00edch<\/strong><\/p>\n<p>Cel\u00e9 okol\u00ed Rokytnice je doslova protk\u00e1no bezpo\u010dtem upraven\u00fdch b\u011b\u017eeck\u00fdch trat\u00ed a\u00a0okruh\u016f. Za\u00a0zm\u00ednku rozhodn\u011b stoj\u00ed b\u011b\u017eeck\u00e9 stopy U\u00a0kapli\u010dky, kolem chaty Dvora\u010dky s\u00a0napojen\u00edm na\u00a0Krkono\u0161skou b\u011b\u017eeckou magistr\u00e1lu nebo n\u011bkter\u00e9 z\u00a0paseck\u00fdch okruh\u016f kolem rozhledny \u0160t\u011bp\u00e1nka. Na\u00a0sv\u00e9 si tu tak p\u0159ijdou jak za\u010d\u00e1te\u010dn\u00edci, tak i\u00a0zku\u0161en\u00ed b\u011b\u017eka\u0159i.<\/p>\n<p>[\/et_pb_text][et_pb_text _builder_version=&#8220;4.21.0&#8243; _module_preset=&#8220;default&#8220; global_colors_info=&#8220;{}&#8220;]<\/p>\n<p><strong>Nezapomenuteln\u00e9 v\u00fdhledy z\u00a0h\u0159eben\u016f hor<\/strong><\/p>\n<p>P\u011b\u0161\u00ed turistika se vedle ly\u017eov\u00e1n\u00ed \u0159ad\u00ed v\u00a0Krkono\u0161\u00edch k\u00a0nejvyhled\u00e1van\u011bj\u0161\u00edm aktivit\u00e1m. Z\u00a0tis\u00edcovky p\u011b\u0161\u00edch tras, kter\u00e9 v\u00e1s zavedou k\u00a0pam\u00e1tk\u00e1m, vodop\u00e1d\u016fm, rozhledn\u00e1m, vyhl\u00edd\u00e1m nebo a\u017e na\u00a0vrcholky t\u011bchto kr\u00e1sn\u00fdch hor, si ur\u010dit\u011b vybere ka\u017ed\u00fd. Z\u00a0Rokytnice je bezesporu nejhez\u010d\u00ed turistickou trasou ta k\u00a0Prameni Labe, Mohyle Han\u010de a\u00a0Vrbaty nebo p\u0159es Hu\u0165sk\u00fd vodop\u00e1d na\u00a0proslulou chatu Dvora\u010dky.<\/p>\n<p>[\/et_pb_text][et_pb_image src=&#8220;http:\/\/www.rokytnice190.cz\/wp-content\/uploads\/2023\/06\/Obrazek4.jpg&#8220; title_text=&#8220;Obr\u00e1zek4&#8243; align=&#8220;center&#8220; _builder_version=&#8220;4.21.0&#8243; _module_preset=&#8220;default&#8220; global_colors_info=&#8220;{}&#8220;][\/et_pb_image][et_pb_text _builder_version=&#8220;4.21.0&#8243; _module_preset=&#8220;default&#8220; global_colors_info=&#8220;{}&#8220;]<\/p>\n<p><strong>Cyklo-toulky krkono\u0161skou p\u0159\u00edrodou<\/strong><\/p>\n<p>I cyklist\u016fm m\u00e1 Rokytnice a\u00a0vlastn\u011b cel\u00e9 Krkono\u0161e co nab\u00eddnout. Nespo\u010det kilometr\u016f cykloturistick\u00fdch tras v\u00e1s zavede na\u00a0spoustu p\u0159ekr\u00e1sn\u00fdch m\u00edst, odkud budete m\u00edt krkono\u0161sk\u00e9 h\u0159ebeny hor doslova na\u00a0dosah ruky. Zvolit si m\u016f\u017eete r\u016fzn\u00e9 vzd\u00e1lenosti a\u00a0obt\u00ed\u017enosti tras, p\u0159i\u010dem\u017e s\u00a0dopravou na\u00a0jejich start nebo zdol\u00e1n\u00edm nejvy\u0161\u0161\u00edch p\u0159et\u00ed\u017een\u00ed v\u00e1m od \u010dervna do\u00a0z\u00e1\u0159\u00ed m\u016f\u017ee pomoci n\u011bkter\u00fd z\u00a0Krkono\u0161sk\u00fdch cyklobus\u016f.<\/p>\n<p>[\/et_pb_text][et_pb_text _builder_version=&#8220;4.21.0&#8243; _module_preset=&#8220;default&#8220; hover_enabled=&#8220;0&#8243; global_colors_info=&#8220;{}&#8220; sticky_enabled=&#8220;0&#8243;]<strong>Dal\u0161\u00ed aktivity najdete na:<\/strong><\/p>\n<p><a href=\"https:\/\/www.mesto-rokytnice.cz\/\">Str\u00e1nky m\u011bsta<\/a><\/p>\n<p><a href=\"https:\/\/www.kudyznudy.cz\/vyhledavani?text=Rokytnice%20nad%20jizerou\">Kudy z nudy<\/a><\/p>\n<p>&nbsp;[\/et_pb_text][\/et_pb_column][\/et_pb_row][\/et_pb_section][et_pb_section fb_built=&#8220;1&#8243; custom_padding_last_edited=&#8220;on|phone&#8220; admin_label=&#8220;Footer&#8220; _builder_version=&#8220;4.21.0&#8243; _module_preset=&#8220;default&#8220; background_color=&#8220;#38413a&#8220; background_image=&#8220;http:\/\/www.rokytnice190.cz\/wp-content\/uploads\/2023\/06\/realtor-010.jpg&#8220; custom_padding=&#8220;100px||100px||true|false&#8220; custom_padding_tablet=&#8220;80px||80px||true|false&#8220; custom_padding_phone=&#8220;60px||60px||true|false&#8220; global_module=&#8220;70&#8243; saved_tabs=&#8220;all&#8220; locked=&#8220;off&#8220; global_colors_info=&#8220;{}&#8220;][et_pb_row column_structure=&#8220;2_5,3_5&#8243; _builder_version=&#8220;4.16&#8243; _module_preset=&#8220;default&#8220; global_colors_info=&#8220;{}&#8220;][et_pb_column type=&#8220;2_5&#8243; _builder_version=&#8220;4.16&#8243; _module_preset=&#8220;default&#8220; global_colors_info=&#8220;{}&#8220;][et_pb_text _builder_version=&#8220;4.21.0&#8243; _module_preset=&#8220;default&#8220; text_font_size=&#8220;16px&#8220; header_2_font=&#8220;Merriweather|300|||||||&#8220; header_2_font_size=&#8220;54px&#8220; header_2_line_height=&#8220;1.4em&#8220; background_layout=&#8220;dark&#8220; header_2_font_size_tablet=&#8220;44px&#8220; header_2_font_size_phone=&#8220;28px&#8220; header_2_font_size_last_edited=&#8220;on|phone&#8220; locked=&#8220;off&#8220; global_colors_info=&#8220;{}&#8220;]<\/p>\n<h2>Rokytnice 190<\/h2>\n<p>[\/et_pb_text][\/et_pb_column][et_pb_column type=&#8220;3_5&#8243; _builder_version=&#8220;4.16&#8243; _module_preset=&#8220;default&#8220; global_colors_info=&#8220;{}&#8220;][et_pb_text _builder_version=&#8220;4.21.0&#8243; _module_preset=&#8220;default&#8220; text_font_size=&#8220;16px&#8220; text_line_height=&#8220;2.2em&#8220; background_layout=&#8220;dark&#8220; text_font_size_tablet=&#8220;14px&#8220; text_font_size_phone=&#8220;&#8220; text_font_size_last_edited=&#8220;on|phone&#8220; locked=&#8220;off&#8220; global_colors_info=&#8220;{}&#8220;]<\/p>\n<p>Rokytnice nad Jizerou, malebn\u00e9 horsk\u00e9 m\u011bste\u010dko v z\u00e1padn\u00edm koutu Krkono\u0161, l\u00e1k\u00e1 celoro\u010dn\u011b nespo\u010det sportovn\u00edch nad\u0161enc\u016f a milovn\u00edk\u016f p\u0159\u00edrody.<\/p>\n<p>[\/et_pb_text][\/et_pb_column][\/et_pb_row][et_pb_row column_structure=&#8220;1_2,1_2&#8243; custom_padding_last_edited=&#8220;on|phone&#8220; _builder_version=&#8220;4.16&#8243; _module_preset=&#8220;default&#8220; background_color=&#8220;rgba(0,0,0,0.7)&#8220; custom_margin=&#8220;3vw||3vw||true|false&#8220; custom_padding=&#8220;60px|30px|60px|30px|true|true&#8220; custom_padding_tablet=&#8220;&#8220; custom_padding_phone=&#8220;&#8220; border_color_all=&#8220;#b4926b&#8220; border_width_bottom=&#8220;10px&#8220; locked=&#8220;off&#8220; global_colors_info=&#8220;{}&#8220;][et_pb_column type=&#8220;1_2&#8243; _builder_version=&#8220;4.16&#8243; _module_preset=&#8220;default&#8220; global_colors_info=&#8220;{}&#8220;][et_pb_text _builder_version=&#8220;4.21.0&#8243; text_font=&#8220;|700|||||||&#8220; text_text_color=&#8220;#b4926b&#8220; text_font_size=&#8220;20px&#8220; text_line_height=&#8220;1.4em&#8220; link_text_color=&#8220;#000000&#8243; header_6_font=&#8220;|600||on|||||&#8220; header_6_letter_spacing=&#8220;2px&#8220; header_6_line_height=&#8220;1.2em&#8220; text_orientation=&#8220;center&#8220; background_layout=&#8220;dark&#8220; text_font_size_tablet=&#8220;18px&#8220; text_font_size_phone=&#8220;16px&#8220; text_font_size_last_edited=&#8220;on|phone&#8220; locked=&#8220;off&#8220; global_colors_info=&#8220;{}&#8220;]<\/p>\n<h6>Telefon<\/h6>\n<p>605 575 209<\/p>\n<p>[\/et_pb_text][\/et_pb_column][et_pb_column type=&#8220;1_2&#8243; _builder_version=&#8220;4.16&#8243; _module_preset=&#8220;default&#8220; global_colors_info=&#8220;{}&#8220;][et_pb_text _builder_version=&#8220;4.21.0&#8243; text_font=&#8220;|700|||||||&#8220; text_text_color=&#8220;#b4926b&#8220; text_font_size=&#8220;20px&#8220; text_line_height=&#8220;1.4em&#8220; link_text_color=&#8220;#b4926b&#8220; header_6_font=&#8220;|600||on|||||&#8220; header_6_letter_spacing=&#8220;2px&#8220; header_6_line_height=&#8220;1.2em&#8220; text_orientation=&#8220;center&#8220; background_layout=&#8220;dark&#8220; text_font_size_tablet=&#8220;18px&#8220; text_font_size_phone=&#8220;16px&#8220; text_font_size_last_edited=&#8220;on|phone&#8220; locked=&#8220;off&#8220; global_colors_info=&#8220;{}&#8220;]<\/p>\n<h6>Email<\/h6>\n<p><a href=\"#\">vasek.vlach@seznam.cz<\/a>[\/et_pb_text][\/et_pb_column][\/et_pb_row][\/et_pb_section]<\/p>\n","protected":false},"excerpt":{"rendered":"<p>V\u00fdjime\u010dn\u00e1 lokalitaRokytnice nad Jizerou Rokytnice nad Jizerou je malebn\u00e9 horsk\u00e9 m\u011bste\u010dko v\u00a0z\u00e1padn\u00edm koutu Krkono\u0161, v\u00a0jeho\u017e\u00a0t\u011bsn\u00e9 bl\u00edzkosti se nach\u00e1z\u00ed n\u011bkolik ly\u017ea\u0159sk\u00fdch st\u0159edisek. M\u011bsto disponuje kompletn\u00ed ob\u010danskou vybavenost\u00ed po\u010d\u00ednaje obchody, restauracemi a\u00a0bohat\u00fdm no\u010dn\u00edm \u017eivotem p\u0159es l\u00e9karny a\u00a0l\u00e9ka\u0159skou p\u00e9\u010di a\u017e po\u00a0sportovn\u00ed halu, ly\u017ea\u0159sk\u00e9 \u0161koly a\u00a0p\u016fj\u010dovny sportovn\u00edho vybaven\u00ed. To v\u0161e s\u00a0v\u00fdbornou dopravn\u00ed dostupnost\u00ed z\u00a0Prahy, Liberce nebo Jablonce nad Nisou.Horsk\u00e9 [&hellip;]<\/p>\n","protected":false},"author":1,"featured_media":0,"parent":0,"menu_order":0,"comment_status":"closed","ping_status":"closed","template":"","meta":{"_et_pb_use_builder":"on","_et_pb_old_content":"","_et_gb_content_width":"","footnotes":""},"class_list":["post-44","page","type-page","status-publish","hentry"],"_links":{"self":[{"href":"https:\/\/www.rokytnice190.cz\/index.php?rest_route=\/wp\/v2\/pages\/44","targetHints":{"allow":["GET"]}}],"collection":[{"href":"https:\/\/www.rokytnice190.cz\/index.php?rest_route=\/wp\/v2\/pages"}],"about":[{"href":"https:\/\/www.rokytnice190.cz\/index.php?rest_route=\/wp\/v2\/types\/page"}],"author":[{"embeddable":true,"href":"https:\/\/www.rokytnice190.cz\/index.php?rest_route=\/wp\/v2\/users\/1"}],"replies":[{"embeddable":true,"href":"https:\/\/www.rokytnice190.cz\/index.php?rest_route=%2Fwp%2Fv2%2Fcomments&post=44"}],"version-history":[{"count":6,"href":"https:\/\/www.rokytnice190.cz\/index.php?rest_route=\/wp\/v2\/pages\/44\/revisions"}],"predecessor-version":[{"id":88,"href":"https:\/\/www.rokytnice190.cz\/index.php?rest_route=\/wp\/v2\/pages\/44\/revisions\/88"}],"wp:attachment":[{"href":"https:\/\/www.rokytnice190.cz\/index.php?rest_route=%2Fwp%2Fv2%2Fmedia&parent=44"}],"curies":[{"name":"wp","href":"https:\/\/api.w.org\/{rel}","templated":true}]}}